 -4*y + 44, -2*y - 2*g = g - 26. Calculate the highest common factor of 7 and y.
7
Suppose -9*n + 6*n + 162 = 0. What is the highest common divisor of 36 and n?
18
Suppose -31 = -2*g + 11. Calculate the greatest common divisor of g and 3.
3
Suppose q = 5*h - 46, 3*h - q = 7 + 19. Let b be 40/7 - 12/(-42). Let s = h - b. Calculate the highest common divisor of 44 and s.
4
Suppose -2*w - 15 = -5*w. Suppose w*x = -3*j - j + 479, 0 = -5*j - 20. Let q be 10 + (-2)/(1 + 1). What is the highest common factor of q and x?
9
Let x = 64 - 25. What is the greatest common factor of 13 and x?
13
Let f(h) = -h**3 - 2*h**2 - 7*h - 6. Let q be f(-4). Calculate the greatest common factor of 18 and q.
18
Suppose -5*z + 400 = 4*x - 7, 3*x - 339 = 3*z. What is the highest common divisor of 12 and x?
12
Let l = 89 + -59. Calculate the greatest common factor of l and 12.
6
Let f = 6 + 3. Suppose 0 = -7*y + 2*y. Suppose 3*c - 54 = -y. What is the greatest common divisor of c and f?
9
Let k(t) = -t**2 - 8*t - 7. Let v be k(-7). Suppose m - 31 + v = 4*y, 0 = -m + 2*y + 35. Calculate the greatest common factor of 13 and m.
13
Let g(c) = c**3 - c**2 - c. Let l be g(0). Suppose 4*v - 5*a = 0, l*v - 12 = -4*v + 2*a. Calculate the greatest common factor of v and 10.
5
Suppose r - 9 = 3*v, -r - 2*v - 8 = -17. Suppose 2*x - 3*j - 159 = -0*j, 4*j = 5*x - 401. Calculate the greatest common divisor of r and x.
9
Suppose -4*r + 4*f + 52 = 0, 4*f = -r + 1 - 3. Let u be 4/r - 16/(-10). Suppose u*y + y - 363 = 0. What is the highest common divisor of 11 and y?
11
Suppose 3*q + 25 = 5*k, -16 = -4*k + 4*q + 4. Suppose -3*l - k*x + 36 = 0, x + 48 - 16 = 5*l. Calculate the highest common factor of 49 and l.
7
Let p = 20 - 12. Suppose 0 = s + s. Suppose -2*t + 16 = -s*t. Calculate the greatest common divisor of p and t.
8
Let f(m) = 3*m**3 - 5*m**2 + 3*m - 1. Let j be f(3). What is the greatest common factor of j and 11?
11
Let u(t) = 12*t**2 - 3*t. Let p(q) = -6*q**2 + q. Let o(a) = -5*p(a) - 2*u(a). Let j be o(1). Calculate the greatest common factor of 56 and j.
7
Suppose 0 = -2*d + d. Suppose 6*r - 4*r - 32 = d. What is the greatest common factor of r and 32?
16
Suppose -3*n + 66 - 10 = 2*o, -2*n + 38 = o. Calculate the highest common divisor of 160 and n.
20
Let h be (6 + -1)/5 - -69. Suppose 3*b = f + f + 70, 45 = 3*b + 3*f. Let y = b - 6. Calculate the greatest common factor of h and y.
14
Suppose 2*h + 78 = 5*t, -1 = -4*t + 7. Let l = -19 - h. Let v be ((-22)/(-5))/(3/l). What is the greatest common divisor of 176 and v?
22
Suppose f + 2*v = 2*f - 4, -5*v = -25. What is the greatest common factor of f and 112?
14
Let z(m) = 6*m + 3. Let y be z(7). Suppose -3*p + 61 = 16. What is the greatest common divisor of y and p?
15
Let b(r) = r**2 + 8*r - 16. Let y be b(-12). Calculate the highest common divisor of y and 8.
8
Suppose -3*g - 198 = -5*i, -4*i + 121 = 4*g - 31. Calculate the greatest common factor of 26 and i.
13
Suppose i = 7*i. Suppose 0 = -i*n + 2*n - 38. Calculate the greatest common divisor of 19 and n.
19
Let h be (-118)/(-10) - (-5)/25. Calculate the greatest common divisor of h and 12.
12
Suppose -6 = 2*a + 4*z, -5*z - 18 = -2*a + a. Let p be ((-24)/10)/(a/(-75)). Suppose 0*s + p = 5*s. What is the highest common divisor of s and 48?
12
Suppose 2*g - 10 = -3*g. What is the highest common divisor of g and 10?
2
Suppose 92 = -0*a + a. Calculate the highest common factor of 138 and a.
46
Suppose 2*z - 5*z - 24 = -3*u, 24 = 2*u + 2*z. Let i be 1/(2/(-1 - -51)). Calculate the greatest common factor of u and i.
5
Let d(f) = 4*f. Let w be d(-1). Let x = 5 + w. Suppose x = -3*a + 7. What is the highest common divisor of 22 and a?
2
Suppose -3*z = -0*z - 15. Suppose 4 = -z*j + 9*j. Calculate the highest common factor of j and 8.
1
Let r be 10/1 + 5 + -3. Suppose -27 = -5*y - r. Suppose 5*k + 65 = 5*n, -y*n + 2*k + 3*k + 39 = 0. Calculate the highest common factor of 39 and n.
13
Let o = 81 - 56. What is the highest common factor of o and 225?
25
Let l(k) = 9 + 3*k**3 - k**3 - k**3 + 10*k + 11*k**2 + 0*k**3. Let v be l(-10). What is the greatest common factor of 99 and v?
9
Suppose 2*k - 35 = 23. Calculate the greatest common factor of 145 and k.
29
Suppose -630 = -4*h + h. What is the highest common divisor of 30 and h?
30
Suppose -6*u + u + 27 = 4*g, -u - 4*g = 1. Let l = 74 - 4. Calculate the greatest common divisor of l and u.
7
Suppose -457 = -8*f - 121. Calculate the highest common divisor of f and 168.
42
Let x(z) = -4*z. Let f be x(-3). Let o(p) = p**3 - p**2 - 3*p + 3. Let t be o(3). What is the highest common divisor of f and t?
12
Suppose 0 = 5*i - 0*i - 25, 5*x + 2*i - 80 = 0. What is the greatest common factor of 7 and x?
7
Let s be (2 + (-1)/(-1))*11. Suppose -3*r + 6*r = s. Let v(x) = x + 45. Let q be v(-12). Calculate the highest common factor of q and r.
11
Let r(a) = a**3 + 4*a**2 + a + 3. Let i be r(-3). Suppose -5*p - 3*n - n + 205 = 0, 3*p + 2*n - 125 = 0. Calculate the highest common factor of i and p.
9
Let u be 3 + -2 - -2 - 10. Let i be (-1)/(-2)*(u + 1). Let d = 9 + i. What is the greatest common factor of 12 and d?
6
Let k(p) = 3*p + 18. Let l(v) = v - 1. Let c(d) = -k(d) - 15*l(d). Suppose -6 = 3*h - 0*h. Let i be c(h). Calculate the highest common factor of 3 and i.
3
Let r(t) = t**3 - 6*t**2 - 7*t - 4. Let v be r(7). Let x be v*(9/(-6) - -1). What is the greatest common factor of 5 and x?
1
Let m(c) = -c**3 + 7*c**2 + c. Suppose -z = 4*z - 35. Let t be m(z). What is the highest common factor of 7 and t?
7
Let h be ((-2)/8)/(4/16). Let l be h/3 + (-21)/(-9). Suppose 3*b - 6*b = -9. What is the highest common factor of l and b?
1
Let u = 18 + -12. Suppose -t = -u*t + 220. Calculate the greatest common divisor of 11 and t.
11
Let t be ((-132)/8)/((-12)/40). Let h be 22/3*(-1 - -4). What is the greatest common divisor of h and t?
11
Let y be ((-56)/(-6))/((-4)/(-24)). Suppose h + y = 5*h. What is the highest common factor of h and 21?
7
Suppose 12*q - 15*q = -36. What is the greatest common divisor of 96 and q?
12
Suppose 0*s - r = 3*s - 242, 160 = 2*s + 2*r. What is the highest common divisor of s and 9?
9
Let v = 253 + -121. What is the greatest common divisor of 44 and v?
44
Let k = 91 + -64. Let u(t) = -t + 9. Suppose 3*g + 11 = -2*v - 19, 5*g = -2*v - 38. Let x be u(v). What is the greatest common factor of k and x?
9
Suppose 4*w = 2 + 6. Suppose -6 = -w*d - 2. Calculate the highest common divisor of d and 3.
1
Suppose 0 = 3*j + 26 - 35. Let m = 61 + -28. What is the greatest common factor of j and m?
3
Let c be (-2 - -6*1) + 2. What is the highest common factor of c and 18?
6
Let z(y) = -7*y**3 - 4*y**2 - 8*y - 1. Let h be z(-3). What is the greatest common divisor of h and 11?
11
Suppose -2*m - 5*v = -40, -4*v + 6 = -m - 0*m. Calculate the greatest common factor of m and 5.
5
Let h(k) = -2*k**2 - 6*k - 3. Let p be h(-6). Suppose -51 - 102 = -2*v + 5*y, -4*y = v - 83. Let f = v + p. What is the greatest common divisor of f and 8?
8
Suppose 3*t + t - 8 = 0. Let y be (t - 1)*(-26)/(-2). Suppose -312 = 30*k - 36*k. What is the highest common factor of k and y?
13
Let q be 44 - 2/(2/(-1)). Suppose 72 = 5*f - 6*h + 3*h, 0 = -3*h + 3. Calculate the greatest common factor of q and f.
15
Suppose -5*j + 47 + 83 = 0. What is the greatest common factor of 39 and j?
13
Suppose 4*k - 143 = -i, k + 2*i = -0*k + 34. Let z = 185 + -95. What is the greatest common divisor of k and z?
18
Suppose -j + 5 = -2*j, -5*j - 25 = 4*t. Suppose t*w = -3*w + 36. Calculate the greatest common divisor of w and 12.
12
Let o(d) be the first derivative of -d**4/4 + 5*d**3/3 + 2*d**2 - 3*d - 7. Let q be o(5). What is the greatest common divisor of 17 and q?
17
Suppose -2*v + 7*c = 4*c - 8, 3*v - 34 = -c. Calculate the greatest common divisor of 80 and v.
10
Let c be 2/(-5) - 3819/15. Let k = 370 + c. Let x(p) = p**2 + 2*p + 11. Let l be x(5). Calculate the highest common factor of k and l.
23
Let d be (3 - (0 + 2))/1. Suppose 0 = 2*i + 11 + d. Let a be i/(-8) - (-5790)/24. What is the greatest common factor of 22 and a?
22
Suppose -3*z + 0 + 6 = 0. Suppose -4*j + 4*p - 3*p = -304, -z*j - 4*p + 170 = 0. What is the highest common divisor of j and 7?
7
Let g(f) = -f - 12. Let o 